t is the highest common divisor of 132 and q?
66
Let a = 3 + 2. Let o be 3*(-9 - 1)/(6/4). Let n be 147/15 - (-3 + (-56)/o). What is the greatest common divisor of n and a?
5
Let p = -62 - -35. Let l = 42 + p. Let r be (-1 + -4)*(-24)/40. What is the highest common factor of l and r?
3
Let a be (-162)/(-21) + (-2)/(-7). Let z = -13 + 16. Let d = a + z. Calculate the greatest common factor of d and 121.
11
Suppose 18*a - 25*a + 126 = 0. Calculate the highest common factor of 36 and a.
18
Suppose -11*v = -4*v - 196. Let j = 16 - 9. Calculate the highest common factor of v and j.
7
Suppose -4*a + 12 = -a. Suppose 3*i - 16 = 2*n, -3*n + 5 = i - 4. Calculate the highest common factor of i and a.
2
Let d be 45 + ((-3)/3 - -2). Let r = 65 - d. Let g(i) = i**3 - 2*i**2 - 6*i - 7. Let k be g(5). Calculate the greatest common divisor of k and r.
19
Let x(v) = -v**3 - 30*v**2 + 31*v + 19. Let z be x(-31). Suppose 3*s - 114 = 3*a, -5*s + a - 3*a + 190 = 0. Calculate the highest common factor of s and z.
19
Suppose -14*c = 53*c - 1407. Suppose 9*g - 4*g + 5*x = 35, -4*g + 3*x = 0. Calculate the greatest common factor of c and g.
3
Let y = 72 - -108. Suppose 3*n - 8*n = -y. Calculate the highest common factor of n and 9.
9
Suppose -l - y + 17 = 0, 0 = -2*l + 34*y - 31*y + 9. Calculate the greatest common divisor of 52 and l.
4
Suppose 6*z - 3*z - 93 = 0. What is the highest common divisor of z and 62?
31
Suppose 3*z = 85 - 13. Suppose -15 = 3*v, 0 = 2*y - 3*v - v - 22. Let j be 1/(1/17) - y. What is the greatest common divisor of j and z?
8
Let c(u) = -u**3 - 23*u**2 - 64*u + 71. Let h be c(-21). Calculate the highest common factor of 82 and h.
41
Suppose -70 = 3*z + 23. Let g = z + 41. Calculate the greatest common factor of 90 and g.
10
Suppose f + 2 = -3*f + 2*w, -7 = -f - w. Suppose 2*v + 28 = 4*v. Suppose -2*l - v + 18 = 0. Calculate the greatest common factor of l and f.
2
Let l = 16 - 12. Suppose -4*s - 65 = -5*f, l*f - f - 5*s = 26. Let r be 6/3 - (-51 + 2). Calculate the highest common factor of f and r.
17
Let d(b) = 20*b + 2. Let x(z) = 39*z + 3. Let h(w) = -5*d(w) + 3*x(w). Let m be h(9). Calculate the highest common factor of 38 and m.
38
Let v = 1438 + -1408. What is the highest common divisor of 3420 and v?
30
Suppose 0 = -4*c + 1390 - 510. Let q(s) = -29*s - 152. Let o be q(-6). What is the greatest common factor of c and o?
22
Let b = -340 + 380. Calculate the highest common divisor of b and 110.
10
Let n = -128 - -192. Let s = n - 62. Let a be 3 - (0 + -2)*1. Calculate the greatest common divisor of s and a.
1
Suppose -12486 = -14*w + 3390. What is the greatest common factor of 14 and w?
14
Let l = -338 + 578. Suppose -2*z = -3*b + 100, -3*z = -z + 10. Calculate the greatest common divisor of l and b.
30
Let x(t) = -t**2 + 20*t + 2. Let n be x(15). Suppose 5 = -8*v + n. Let j = 44 + -17. Calculate the greatest common divisor of j and v.
9
Suppose -4*y = -79*i + 74*i - 1324, 4*y = -2*i + 1352. Calculate the highest common factor of y and 70.
14
Let l(m) = -m**3 - 9*m**2 - 3*m - 21. Let o be l(-9). What is the greatest common divisor of 54 and o?
6
Suppose 19*t + 4379 - 22429 = 0. What is the greatest common factor of t and 50?
50
Suppose -x + 2*o - 1 = 0, 0*x + 3*x + 1 = 5*o. Suppose 5*d = 2*u + 184, -x*u = -d - 2*u + 38. What is the highest common divisor of 396 and d?
36
Let t(p) = -2*p**3 - 6*p**2 + 7*p - 2. Let q be t(-7). Let w = q - 193. Calculate the greatest common factor of 37 and w.
37
Let q be (-9 - (-3 + -10))*14/4. What is the greatest common divisor of q and 4?
2
Let f be (-3 - -8) + (-75)/(-5 + 4). What is the highest common divisor of f and 20?
20
Let k = -592 - -780. Calculate the highest common factor of k and 4.
4
Let v(b) = 4*b + b + 5 + b. Let l be v(5). What is the greatest common divisor of l and 5?
5
Suppose -6*z = 133 - 2287. Let o = z - 179. Calculate the highest common factor of 20 and o.
20
Suppose 0 = -q - 3*q. Let g be (-10 + 4)*(q + 1). Let d(m) = m**2 + m - 12. Let t be d(g). What is the highest common factor of t and 12?
6
Suppose 4*k - 14 = 2*y, -4 = k - 4*y + 3. Suppose -4*z = k*z - 351. Calculate the highest common divisor of z and 13.
13
Let g(v) = -v + 3. Suppose 0 = -l - 2, -5*b + 2*l + 40 = -8*b. Let w be g(b). Calculate the highest common divisor of w and 15.
15
Let t be 1 + -2 + (-9 - -11 - -27). What is the greatest common factor of 7 and t?
7
Let o(h) = -47*h - 15. Let v be o(-13). Suppose v + 174 = 7*f. What is the greatest common factor of f and 10?
10
Suppose 0 = l + 14*n - 10*n - 2, 4 = -n. What is the greatest common divisor of 1458 and l?
18
Suppose -7*b = -3*b - 612. Let h = 190 - 173. What is the greatest common factor of h and b?
17
Suppose 454 = c - 4*u, -5*c - 3*u + 1660 = -656. Calculate the greatest common divisor of c and 198.
66
Let w be (-572)/12 - ((-11)/3 - -3). Let n = -26 - -9. Let p = n - w. Calculate the greatest common divisor of 6 and p.
6
Let d(l) = 3*l**3 + 2*l**2 - 4*l + 1. Let r be d(1). Calculate the highest common factor of 10 and r.
2
Let g = 35 + -34. Suppose g - 3 = -w, 38 = 2*c + 3*w. Calculate the greatest common divisor of c and 16.
16
Let x be 6*(-2)/48 - 345/(-4). What is the highest common divisor of x and 129?
43
Let c = 392 - 378. What is the highest common divisor of 406 and c?
14
Let o be 415/45 + 1 - 10/45. Calculate the greatest common factor of 2 and o.
2
Let b = 0 - -1. Suppose 4*t = -4*g + 52, 3*t - g - 15 = 2*g. Calculate the greatest common factor of b and t.
1
Let l be -5*((-12397)/(-35))/(-7). Calculate the greatest common factor of 46 and l.
23
Let g(b) = b**3 - 19*b**2 - 14*b + 23. Let o be g(20). What is the highest common factor of 26 and o?
13
Let h(q) = q**3 - 9*q**2 + 18*q + 16. Let f be h(7). What is the greatest common divisor of f and 4?
4
Let m = -5 - -8. Let v(y) = -28*y - 1. Let l be -4*(-2)/8*-1. Let d be v(l). Calculate the highest common factor of m and d.
3
Let k(w) = -w + 18. Let x be k(15). Let y = -2 + x. Let n be 1/((-2)/(-16)) - 1. What is the greatest common factor of y and n?
1
Let c(v) be the third derivative of v**6/120 - 23*v**5/60 + 31*v**4/24 - 5*v**3 + 22*v**2. Let a be c(22). Calculate the highest common divisor of a and 24.
24
Let p(q) = -6*q + 140. Let r be p(21). Suppose 2*k + 48 = 4*a, 0*k = 2*a + 2*k - 36. What is the highest common factor of a and r?
14
Let w(t) = -100*t + 326. Let b be w(3). Calculate the highest common divisor of b and 182.
26
Suppose 2*c - 12 = -2*d, -c + 4*c + 2*d - 19 = 0. Calculate the highest common divisor of 448 and c.
7
Let w = 49 + -39. Suppose 128 = w*z - 1792. What is the highest common factor of z and 24?
24
Suppose 4*n = 5*j - 1415, 2*j - 3*n - 1420 = -3*j. Let w = 3738 - 3697. Calculate the highest common factor of w and j.
41
Let n = 6590 + -6534. Suppose -o + h = -27, h - 29 = -3*o + 56. What is the greatest common factor of o and n?
28
Let y(h) = -h**2 - 13*h + 4. Let x be y(-13). Suppose -4*w = -4*m - 40, -x*w + 33 = -0*w + 3*m. What is the greatest common factor of w and 27?
9
Suppose -10*z - 17*z = -7938. Calculate the highest common divisor of 126 and z.
42
Suppose -i = 2*i - 132. Let n = -87 + 91. Calculate the greatest common factor of i and n.
4
Let p(x) = -x**2 + 4*x + 2. Let f be p(3). What is the highest common factor of 55 and f?
5
Suppose -5*j + 502 = -j - l, -4*j + 510 = 3*l. Suppose 142 - j = 2*w. What is the greatest common factor of 72 and w?
8
Let p = 14 + -30. Suppose -5*z + z + 256 = 0. Let t = p + z. Calculate the highest common divisor of t and 12.
12
Suppose -p + 0*p = -11. Let t be 0 - 187 - (p + -14). Let f be (-2)/((-4)/t*-4). Calculate the highest common divisor of 23 and f.
23
Suppose -v + 3*v = 104. Let u(t) = 3*t + 3. Let f(d) = d. Let c(x) = -5*f(x) - u(x). Let a be c(-2). What is the highest common divisor of v and a?
13
Let q be 60/(-9)*((-144)/10)/3. Calculate the greatest common divisor of q and 208.
16
Suppose -5*n = -3*i + 200, 0*n = -i - 4*n + 44. Let f be (-6)/(-21) + i/35. Suppose 7 + 45 = f*u. What is the highest common factor of 104 and u?
26
Let c(r) = -57*r**3 + 2*r**2 - r - 4. Let w be c(-2). What is the greatest common divisor of w and 42?
42
Suppose 316 = 3*w + s, -7*w + 529 = -2*w + 4*s. What is the greatest common divisor 